 a prime number?
False
Is 4438477 a prime number?
False
Is 188746753 a prime number?
False
Is 11895601 composite?
True
Is 4120279 composite?
False
Is 625367 prime?
True
Is 132923789 a prime number?
False
Is 13731079 prime?
False
Is 194756119 a composite number?
True
Is 21543527 composite?
False
Is 108169 a prime number?
False
Is 934169 prime?
False
Is 22409461 a composite number?
False
Is 164983781 composite?
False
Is 725181 a prime number?
False
Is 483794071 a composite number?
True
Is 167658593 prime?
False
Is 150583 a prime number?
True
Is 111375469 composite?
True
Is 3834673 a composite number?
True
Is 4021457 a prime number?
False
Is 241941407 a prime number?
True
Is 668671 a prime number?
True
Is 6983267 a composite number?
True
Is 218047 a composite number?
False
Is 1449419 composite?
True
Is 7742239 a prime number?
True
Is 943539 composite?
True
Is 82247971 a composite number?
True
Is 15052733 composite?
False
Is 100944917 a composite number?
True
Is 423896063 a prime number?
True
Is 44824901 composite?
True
Is 9674911 a prime number?
True
Is 43549537 a prime number?
False
Is 70212959 prime?
True
Is 1085423 a composite number?
True
Is 199035713 a composite number?
False
Is 15765359 composite?
False
Is 22938901 a composite number?
False
Is 1259047 a composite number?
False
Is 52787233 composite?
False
Is 212729362 a prime number?
False
Is 218398409 a composite number?
True
Is 3030431 a prime number?
True
Is 65607239 prime?
True
Is 10095697 prime?
True
Is 55105837 a composite number?
False
Is 107575933 a prime number?
True
Is 134455121 a composite number?
False
Is 35361433 a composite number?
True
Is 791681 a composite number?
True
Is 497951147 composite?
False
Is 117163 a prime number?
True
Is 755087 a composite number?
False
Is 1184039 prime?
False
Is 4106041 composite?
False
Is 153754877 a composite number?
False
Is 111538099 a prime number?
True
Is 2325326 prime?
False
Is 2365541 a prime number?
True
Is 2416681 composite?
False
Is 13436949 a composite number?
True
Is 29015069 prime?
True
Is 11140907 a prime number?
True
Is 79115759 a prime number?
True
Is 19585571 prime?
True
Is 13568203 prime?
False
Is 15707537 prime?
True
Is 12291767 composite?
False
Is 1156403 a prime number?
True
Is 49625333 a composite number?
False
Is 2660129 a composite number?
True
Is 334231 a composite number?
False
Is 4213093 a composite number?
True
Is 34268561 composite?
False
Is 218299 a composite number?
True
Is 24084781 prime?
False
Is 38977997 a composite number?
False
Is 9460237 prime?
False
Is 4376117 a prime number?
True
Is 4139749 composite?
False
Is 14406811 composite?
False
Is 37788499 a composite number?
True
Is 441631553 prime?
False
Is 1268921 prime?
True
Is 19354213 prime?
True
Is 4657217 a composite number?
True
Is 596561 prime?
False
Is 990137 prime?
True
Is 4374341 a composite number?
False
Is 43954397 composite?
False
Is 1518427 a composite number?
False
Is 2227889 prime?
True
Is 3794999 a composite number?
True
Is 128404873 prime?
True
Is 2794135 a prime number?
False
Is 1976263 a composite number?
True
Is 100260439 a composite number?
False
Is 8671121 composite?
True
Is 424498771 a composite number?
False
Is 208410233 a prime number?
False
Is 768792937 composite?
True
Is 10565561 prime?
True
Is 468594671 a prime number?
True
Is 221599 a composite number?
True
Is 5245769 a prime number?
False
Is 37184131 prime?
False
Is 15138251 a composite number?
True
Is 35114377 a composite number?
False
Is 3607277 a composite number?
False
Is 35998927 composite?
False
Is 264905293 composite?
False
Is 86752969 a prime number?
True
Is 31332233 a prime number?
False
Is 97307467 prime?
False
Is 10656599 a prime number?
True
Is 15253729 a prime number?
True
Is 1809251 a prime number?
False
Is 2246581 composite?
False
Is 16963721 composite?
True
Is 9412789 composite?
True
Is 2360041 a composite number?
True
Is 125217737 a prime number?
False
Is 2609317 a prime number?
False
Is 1011169 composite?
True
Is 22289941 composite?
True
Is 14892613 prime?
True
Is 74876467 prime?
True
Is 1894787 a composite number?
False
Is 50855947 composite?
False
Is 38563919 a composite number?
False
Is 137173 a prime number?
False
Is 23457943 composite?
True
Is 104891883 a prime number?
False
Is 153008797 prime?
True
Is 2459927 prime?
False
Is 177010543 composite?
True
Is 5461481 a composite number?
False
Is 28202117 composite?
True
Is 108151423 prime?
True
Is 3339593 prime?
False
Is 3344681 a composite number?
False
Is 46045663 a prime number?
False
Is 1219213 a prime number?
True
Is 14342673 composite?
True
Is 7936519 a prime number?
True
Is 4118799 a prime number?
False
Is 4832839 composite?
True
Is 22310957 a composite number?
False
Is 9888629 a composite number?
False
Is 1873103305 a prime number?
False
Is 8197121 prime?
False
Is 40509199 prime?
True
Is 102709703 prime?
True
Is 94236047 a composite number?
False
Is 2208331 a prime number?
True
Is 6188597 a composite number?
False
Is 1666957 a prime number?
False
Is 82497203 prime?
False
Is 2842459 a prime number?
True
Is 140941 a composite number?
True
Is 14636509 a prime number?
False
Is 1092011 a prime number?
False
Is 178739 a composite number?
True
Is 84873127 composite?
False
Is 94263587 composite?
True
Is 246270919 composite?
False
Is 43829069 a composite number?
False
Is 4426783 a prime number?
False
Is 376035787 composite?
True
Is 24614479 a prime number?
True
Is 874277 composite?
False
Is 4185739 a prime number?
True
Is 267795743 prime?
False
Is 587964331 a prime number?
False
Is 8445667 prime?
False
Is 1483019 a composite number?
False
Is 48704699 prime?
True
Is 74440237 prime?
True
Is 2435243 prime?
True
Is 2982557 prime?
True
Is 6062099 composite?
False
Is 1507549 prime?
False
Is 3702953 composite?
True
Is 318443 composite?
False
Is 62096681 a prime number?
True
Is 49000109 a composite number?
False
Is 6585169 prime?
True
Is 156903527 prime?
False
Is 5531941 a prime number?
False
Is 97244803 a composite number?
True
Is 2383291 a prime number?
True
Is 5281517 a prime number?
False
Is 30800837 composite?
True
Is 9702629 composite?
False
Is 252438785 a prime number?
False
Is 9581763 a composite number?
True
Is 1749041 a prime number?
False
Is 38024309 prime?
False
Is 36175991 a composite number?
True
Is 17234683 prime?
True
Is 14731287 prime?
False
Is 1917289 a composite number?
True
Is 9909047 prime?
True
Is 1032571 a prime number?
True
Is 62300879 prime?
False
Is 1622459 prime?
False
Is 1949953 composite?
True
Is 1083107 prime?
True
Is 3900877 prime?
False
Is 170972401 a composite number?
True
Is 3743099 a prime number?
False
Is 6012893 composite?
False
Is 45525913 prime?
True
Is 1578631 a composite number?
False
Is 136469471 a prime number?
False
Is 5901097 a prime number?
True
Is 1674797 prime?
True
Is 2341747 composite?
False
Is 32431241 composite?
True
Is 2931811 a composite number?
True
Is 323820547 a composite number?
True
Is 13682 a composite number?
True
Is 42518113 a prime number?
False
Is 13277351 composite?
False
Is 10205707 a composite number?
False
Is 43476115 a prime number?
False
Is 21797 a composite number?
True
Is 19160314 a composite number?
True
Is 1125193 a composite number?
False
Is 1512851 prime?
False
Is 13266721 a composite number?
True
Is 568283 composite?
True
Is 2043703 a composite number?
False
Is 2625061 prime?
True
Is 2200441 a prime number?
True
Is 7287653 composite?
True
Is 404613763 a composite number?
False
Is 3310105 composite?
True
Is 3202153 prime?
True
Is 3568711 prime?
False
Is 6885973 a prime number?
True
Is 268176149 composite?
False
Is 30308899 a composite number?
True
Is 5195063 a prime number?
True
Is 27069583 a prime number?
False
Is 67590511 a prime number?
True
Is 160914137 composite?
True
Is 76326583 a prime number?
False
Is 24478523 composite?
True
Is 120417181 a composite number?
True
Is 82199809 a prime number?
True
Is 28592251 a composite number?
False
Is 250385189 prime?
True
Is 2015551 a prime number?
False
Is 7338621 composite?
True
Is 42276961 composite?
True
Is 121589686 a prime number?
False
Is 1874699 a prime number?
True
Is 2697927 composite?
True
Is 184661 a composite number?
True
Is 691009 a composite number?
True
Is 61165003 a prime number?
Fals